(-2)*(-40)/25. What are the prime factors of (-6)/n*-1*m?
2, 3
Suppose -8 = 4*y, 2*y + y - 14 = 4*z. Let j = -3 - z. Suppose -j*w - 5*u = -6*w + 67, -5*w = -u - 68. What are the prime factors of w?
13
Suppose 5*b = 2*n - 5*n + 482, -3*b + 4*n = -266. List the prime factors of b.
2, 47
Let h be (-12)/(0 - 3) + 2. Let w(p) = 6*p - 6. What are the prime factors of w(h)?
2, 3, 5
Suppose -4*z - 4*i - 8 = 12, -10 = 5*z + 2*i. Suppose z = -4*f + h - 6*h + 316, 0 = 5*f - h - 366. What are the prime factors of 8/(-28) - f/(-14)?
5
Let x be (-170)/(-6) + 2/(-6). Suppose r - 13 = 3*a + 43, 5*a + 196 = 4*r. Suppose u - 3*u + 4*j + x = 0, -4*u = -2*j - r. List the prime factors of u.
2, 5
Let y(j) = -j**2 - 8*j - 8. Let q be y(-7). Let l(m) = -1 - 3*m + m - m**2 + 2*m**2. List the prime factors of l(q).
2
Let s = 0 - 1. Let r be (30/(-9))/(s/(-6)). List the prime factors of 25/2*r/(-25).
2, 5
Let o be 1/(2/((-52)/2)). Let v be (-178)/(-9) - (-4)/18. Let u = v + o. What are the prime factors of u?
7
Let b be (-184)/(-40) - (-6)/15. Suppose -3*n + o = -0*n - 50, 5*o = b*n - 100. What are the prime factors of n?
3, 5
Suppose 6*g = 5*g + 46. What are the prime factors of g?
2, 23
Let k = -454 - -688. List the prime factors of k.
2, 3, 13
Suppose -5*r - 3*l + 105 = -0*r, -3*r = -l - 63. List the prime factors of r.
3, 7
Let j(m) = m**3 - 7*m**2 - 8*m - 9. Let l be j(8). Let d be 1 - (l/(-3) - 2). Suppose -4 = q, d*n = -2*n + 3*q + 24. What are the prime factors of n?
2, 3
Suppose 266 = 2*z - 2*g, 5*z + 3*g - 698 = -33. List the prime factors of z.
7, 19
Suppose -2*h - 2*h = -16. Suppose -3*a - 22 = -t + 6*t, -h*a = 5*t + 21. Suppose 2*f + a + 9 = 0, 12 = -4*o - 4*f. List the prime factors of o.
2
Let c = 129 + -67. Suppose 4*t - 50 = c. What are the prime factors of t?
2, 7
Let x(d) = 25*d + 2. What are the prime factors of x(2)?
2, 13
Suppose 0 = -p - 2*p + 9. Suppose 3*q = -5*h + 11, 3*h + 3 = p*q - 0. What are the prime factors of 0/q - 4/(-2)?
2
Let m = 4 + -1. Let z be 14/12 + m/(-18). Let v = z + 4. What are the prime factors of v?
5
Let s = 373 - 219. Let o be s/4 - 5/(-10). Let z = o - 26. What are the prime factors of z?
13
Suppose 2*z + 4*g - 158 = 2*g, 5*z - 379 = 3*g. List the prime factors of z.
7, 11
Let j be (-3 + 0)*5/5. What are the prime factors of (j/5)/((-6)/90)?
3
Suppose -2*s = -6, 2 = 2*y + s - 1. Suppose 4*p - 138 + 34 = y. List the prime factors of p.
2, 13
Let g(i) = 3*i - 7*i**3 - 2*i - 1 + i**2 + 3*i**3. Let x be g(1). What are the prime factors of x*((-22)/6 + -1)?
2, 7
Let n = -5 + 10. Suppose 45 = n*j - 100. List the prime factors of j.
29
Let w(q) = -q**2 + 21*q - 28. What are the prime factors of w(13)?
2, 19
Suppose -4*r - 2*q = 34, 0 = r + 2*r + 5*q + 36. Let y = r + 11. Suppose 0 = 3*u + y - 31. List the prime factors of u.
3
List the prime factors of (-3 + 2 - -2)*17.
17
Let p = 77 + -17. Suppose -x - p = -4*x. List the prime factors of x.
2, 5
Let y be 2/9 + (-950)/(-18). Let k = y + -26. What are the prime factors of k?
3
Let m(l) = -5*l**2 + 10*l - 6*l**3 - 4*l**3 + 9*l**3 + 1. What are the prime factors of m(-7)?
29
Let m be 0 - (-3)/((-9)/(-30)). Let h(q) = -7 + m*q - q + 0 + 2*q**2 - q**2. What are the prime factors of h(-10)?
3
Suppose -381 + 1233 = 3*m. What are the prime factors of m?
2, 71
Suppose -3*l + 2*q = -12, l + q = -2*l + 12. What are the prime factors of 12/(l/8*3)?
2
Let k = 146 + -102. Suppose k = 2*q + 2*q. What are the prime factors of q?
11
Let b = -6 + 20. What are the prime factors of (3 + -3 - 1) + b?
13
Suppose -4*p = 3*p - 56. What are the prime factors of p?
2
Let r = -104 + 148. What are the prime factors of r?
2, 11
Let r(u) = 3*u**2 + 4*u - 2. What are the prime factors of r(-5)?
53
What are the prime factors of (0 - -206) + 6/6?
3, 23
Suppose -5 = j - 2*j. Let s(q) = -20*q + 3*q**2 - j*q**2 + 18*q - 2*q**3. List the prime factors of s(-2).
2, 3
Suppose -114 = -4*c + x, 4*c - 26 = 2*x + 86. What are the prime factors of c?
29
Suppose 3*p - 1 = 4*p. List the prime factors of p/2 + 30/4.
7
Let u = 45 + -29. Let k = -2 + u. List the prime factors of k.
2, 7
Let p = -30 + 66. Let o = 8 - p. List the prime factors of (o/6)/((-4)/6).
7
Let w(b) = b**3 - 16*b**2 - 11*b - 3. List the prime factors of w(17).
3, 11
Let s = 30 - -9. What are the prime factors of s?
3, 13
Suppose 0 = -3*v + 7*v - 12. Suppose v*t - 7 = 2. Suppose -t*y + 4*y - 16 = 0. What are the prime factors of y?
2
Let g = 142 + -61. List the prime factors of g.
3
Let h(r) = 2*r**2 - 4*r - 3. What are the prime factors of h(-6)?
3, 31
Suppose -3*m + m = -6. Suppose 0 = -m*q + 11 - 2. Suppose 0 = -4*u + 3*j - 3, -3*u + q*j = -2*u + 12. List the prime factors of u.
3
Suppose 4*j + 96 = 4*n, 4*n - 4*j = -n + 125. Let c be (3 + -1)/((-2)/n). Let k = -18 - c. What are the prime factors of k?
11
Let b(l) be the first derivative of -9*l**2/2 - 5*l - 1. List the prime factors of b(-4).
31
Suppose -4*y = -n - 164, 2*y - 3*n + 138 = 5*y. What are the prime factors of y?
2, 3, 7
Let t(k) = k**2 + 2*k + 7. Let z be t(-5). Let q = z - 11. List the prime factors of q.
11
Let j = 3 + -6. List the prime factors of (-2 - 13)*2/j.
2, 5
Suppose 2*c - 60 = -8. Suppose 0 = -3*x + c + 76. What are the prime factors of x?
2, 17
Let u(s) = -s**3 + 4*s**2 + 2*s - 6. Let b be u(4). Suppose 11 = b*d + 7. What are the prime factors of d?
2
Let y(b) = -3*b - 1. Let v be y(1). Let t(i) = i**2 + i. Let z be t(v). List the prime factors of (3/2)/(2/z).
3
Suppose 141 = 3*d + 4*h - 222, 628 = 5*d - h. What are the prime factors of d?
5
Let x(l) = -2*l**3 - 17*l**2 - 17*l - 17. Let a(z) = z**3 + 9*z**2 + 9*z + 9. Let p(o) = 11*a(o) + 6*x(o). What are the prime factors of p(-3)?
2, 3
Suppose -h - 14 = -3*h - 2*d, 3*d - 16 = -2*h. Suppose 0 = -2*p + 5*o - 19, 11 + 2 = -4*p + h*o. What are the prime factors of 0 + 3 - (-3)/p?
2
Let b be (9/12)/((-2)/(-16)). Suppose 3*y = 4*y + l, 0 = 5*y - 5*l - 10. List the prime factors of 14/b + y/(-3).
2
Suppose 4*u - 8*u = 0. Let l be (-193)/(-3) + 4/6. Suppose -l = -4*j - 4*p - 13, u = -4*j + 2*p + 46. What are the prime factors of j?
2, 3
Let w = 20 + -14. Suppose 3*s + 19 = y, 0 = y + 4*s + w + 10. List the prime factors of y.
2
Suppose -2*u = 3*u + 30. List the prime factors of ((-14)/u)/((-7)/(-21)).
7
Let o(m) = m + 13. Let x be o(-8). Suppose -108 = -x*b + b. List the prime factors of b.
3
Suppose 2*g = -4*o + 4, 0 = o + 2*g - 0 - 4. Let h(x) = -3*x**3 + 4*x**3 + 4 - 4*x + 3*x + x**2 + 0*x. What are the prime factors of h(o)?
2
Suppose -f = -4*t + 7 - 29, -4*t + 2*f = 20. Let j be 2/t + (-14)/(-6). Let m(g) = -g**3 + 3*g**2 - 1. List the prime factors of m(j).
3
Suppose 0*a = -a + 24. Suppose 12 = -3*m - a. Let u = -7 - m. List the prime factors of u.
5
Suppose -3*y + 2*y = -4. Suppose 3*s + 2*u - 20 = 0, 0 = -y*u - 12 - 8. What are the prime factors of s?
2, 5
Suppose -135 = -3*m - 6. List the prime factors of m.
43
Let s(c) = -c + 1. Let j be 34/2 + (-4)/2. Suppose o = 5*i + 25, 3*i - 6*o + j = -2*o. List the prime factors of s(i).
2, 3
Let p = 60 - 50. List the prime factors of p.
2, 5
Let r(f) = f + 4. Let n be r(4). Suppose -n = -4*g + 68. Suppose 4*j = -5*l + 47, j + g = l - 3*j. List the prime factors of l.
11
Suppose 4*a = -4*z + 888, -6*a + z = -a - 1134. List the prime factors of a.
2, 113
Let b = 138 - 91. Let d = 66 - b. What are the prime factors of d?
19
Suppose 2*f = 2*m + 6, -10 + 1 = -3*f + 4*m. List the prime factors of (78/18)/(1/f).
13
Suppose 6 = y + k, 2*y = -k + 4*k - 3. Suppose y*i - 8 = 22. List the prime factors of i*-8*(-2)/20.
2
What are the prime factors of ((-3)/(-2))/((-24)/(-592))?
37
Let f(y) = y**3 + 4*y**2 - 4*y + 4. What are the prime factors of f(-4)?
2, 5
Let l = 5 - 1. Suppose -10 = 2*s - l*s. Suppose 0 = s*x - 3*j - 35, 0 = -4*x - 4*j - 0*j + 60. List the prime factors of x.
2, 5
Suppose 5*i + 29 = -g, -i + 2*g - 8 = -0. Let j = 8 + i. List the prime factors of j.
2
Let m(b) = -8*b**2 + b + 4 + 9*b**2 - 2*b. Let w be m(4). Suppose -4 = 2*x - w. What are the prime factors of x?
2, 3
Let s(u) = -u**3 - 10*u**2 - 10*u + 6. Let c be s(-9). Suppose -19 = 5*t + 1. List the prime factors of c/2*t/(-5).
2, 3
Let q(u) = -47*u - 2. What are the prime factors of q(-1)?
3, 5
Suppose -b - 3 = -5.